{"id":13650,"date":"2015-02-20T08:16:58","date_gmt":"2015-02-20T07:16:58","guid":{"rendered":"http:\/\/2015.fliesencenter-remscheid.de\/?page_id=13650"},"modified":"2019-09-05T15:12:39","modified_gmt":"2019-09-05T14:12:39","slug":"agb","status":"publish","type":"page","link":"https:\/\/fliesencenter-remscheid.de\/?page_id=13650","title":{"rendered":"AGB"},"content":{"rendered":"<div class=\"fusion-fullwidth fullwidth-box nonhundred-percent-fullwidth non-hundred-percent-height-scrolling\"  style='background-color: #ffffff;background-position: left top;background-repeat: no-repeat;padding-top:20px;padding-right:0px;padding-bottom:20px;padding-left:0px;border-top-width:0px;border-bottom-width:0px;border-color:#eae9e9;border-top-style:solid;border-bottom-style:solid;'><div class=\"fusion-builder-row fusion-row \"><div  class=\"fusion-layout-column fusion_builder_column fusion_builder_column_1_1 fusion-builder-column-1 fusion-one-full fusion-column-first fusion-column-last fusion-column-no-min-height 1_1\"  style='margin-top:0px;margin-bottom:0px;'>\n\t\t\t\t\t<div class=\"fusion-column-wrapper\" style=\"background-position:left top;background-repeat:no-repeat;-webkit-background-size:cover;-moz-background-size:cover;-o-background-size:cover;background-size:cover;\"   data-bg-url=\"\">\n\t\t\t\t\t\t<div class=\"fusion-text\"><h1 style=\"text-align: center;\">AGB<\/h1>\n<\/div><div class=\"fusion-sep-clear\"><\/div><div class=\"fusion-separator sep-single sep-solid\" style=\"border-color:#969696;border-top-width:1px;margin-left: auto;margin-right: auto;margin-top:5px;margin-bottom:50px;width:100%;max-width:15%;\"><\/div><div class=\"fusion-clearfix\"><\/div>\n\n\t\t\t\t\t<\/div>\n\t\t\t\t<\/div><div  class=\"fusion-layout-column fusion_builder_column fusion_builder_column_1_6 fusion-builder-column-2 fusion-one-sixth fusion-column-first 1_6\"  style='margin-top:0px;margin-bottom:20px;width:13.3333%; margin-right: 4%;'>\n\t\t\t\t\t<div class=\"fusion-column-wrapper\" style=\"background-position:left top;background-repeat:no-repeat;-webkit-background-size:cover;-moz-background-size:cover;-o-background-size:cover;background-size:cover;\"   data-bg-url=\"\">\n\t\t\t\t\t\t<div class=\"fusion-clearfix\"><\/div>\n\n\t\t\t\t\t<\/div>\n\t\t\t\t<\/div><div  class=\"fusion-layout-column fusion_builder_column fusion_builder_column_2_3 fusion-builder-column-3 fusion-two-third 2_3\"  style='margin-top:0px;margin-bottom:20px;width:65.3333%; margin-right: 4%;'>\n\t\t\t\t\t<div class=\"fusion-column-wrapper\" style=\"padding: 20px;background-position:left top;background-repeat:no-repeat;-webkit-background-size:cover;-moz-background-size:cover;-o-background-size:cover;background-size:cover;\"   data-bg-url=\"\">\n\t\t\t\t\t\t<div class=\"fusion-text\"><p><strong>Verkaufs- und Lieferbedingungen<\/strong><\/p>\n<p>Die Ware bleibt bis zur vollst\u00e4ndigen Bezahlung Eigentum der Verk\u00e4uferin.<br \/>\nDer K\u00e4ufer ist berechtigt, sie im ordentlichen Gesch\u00e4ftsgang seines Betriebes zu ver\u00e4u\u00dfern.<br \/>\nVerbindet oder vermischt der K\u00e4ufer die Sache mit beweglichen Sachen, so wird die Verk\u00e4uferin entsprechend dem Verh\u00e4ltnis des Wertes der gelieferten Ware zum Wert des Fertigproduktes Miteigent\u00fcmerin. Der K\u00e4ufer tritt der Verk\u00e4uferin schon jetzt das Eigentum- oder Miteigentumsrecht an den vermischten Gegenst\u00e4nden oder an dem neuen Gegenstand ab und verwahrt diese mit kaufm\u00e4nnischer Sorgfalt f\u00fcr die Verk\u00e4uferin.<br \/>\nF\u00fcr den Fall der Verbindung der unter Eigentumsvorbehalt gekauften Sache mit einem Grundst\u00fcck \u00fcbertr\u00e4gt der K\u00e4ufer bereits jetzt der Verk\u00e4uferin seine Anspr\u00fcche gegen den Leistungsempf\u00e4nger. Der K\u00e4ufer verpflichtet sich, der Verk\u00e4uferin alle erforderlichen Angaben \u00fcber seinen Schuldner zu machen.<br \/>\nIst die Abtretung der Forderung des K\u00e4ufers durch die Vereinbarung mit seinem Schuldner ausgeschlossen, so hat er dies der Verk\u00e4uferin bei Vertragsabschluss mitzuteilen. Die Verk\u00e4uferin kann dann Sicherheitsleistung in H\u00f6he des Wertes der Lieferung in anderer Weise verlangen.<br \/>\nSoweit die gelieferte Ware vor der Bezahlung be- oder verarbeitet wird, verarbeitet sie der K\u00e4ufer f\u00fcr die Verk\u00e4uferin.<br \/>\nDie Ware darf bis zur vollst\u00e4ndigen Bezahlung ohne schriftliche Best\u00e4tigung der Verk\u00e4uferin weder verpf\u00e4ndet noch sicherungshalber \u00fcbereignet werden.<br \/>\nErfolgt Weiterver\u00e4u\u00dferung, und zwar gleichg\u00fcltig ob unbearbeitet, bearbeitet oder verarbeitet, vor der vollst\u00e4ndigen Bezahlung, so darf dies nur unter Eigentumsvorbehalt erfolgen.<br \/>\nEs wird gleichzeitig vereinbart, dass bereits jetzt alle durch die Weiterver\u00e4u\u00dferung entstehenden Anspr\u00fcche des K\u00e4ufers gegen seinen Abnehmer, insbesondere auf die Zahlung des Kaufpreises, an die Verk\u00e4uferin abgetreten werden.<br \/>\nDie Lieferzeiten werden unter Ber\u00fccksichtigung einer normalen Herstellungsm\u00f6glichkeit angegeben. \u00dcberschreitung derselben berechtigt den Empf\u00e4nger nicht zu irgendwelchen Schadensersatzanspr\u00fcchen.<br \/>\nReklamationen werden nur unmittelbar nach Erhalt der Ware angenommen, sp\u00e4testens innerhalb von 3 Tagen. Verlegte bzw. montierte Platten k\u00f6nnen nicht mehr reklamiert werden. Der Versand erfolgt auf Gefahr des K\u00e4ufers, auch bei Frankolieferung. Verladen gilt als \u00fcbernommen.<br \/>\nMaterialbeschaffenheit bei Naturstein: Schwankungen in der Struktur und Farbe, Verschiedenartigkeit in der K\u00f6rnung, Flecken, Adern, Schattierungen und Stiche gelten als nat\u00fcrliche Einschl\u00e4ge und berechtigen nicht zu Reklamationen. Besonders bunte Marmorsorten enthalten h\u00e4ufig Lager aus Poren, die von Natur aus im Material enthalten sind und keinen Grund zur Beanstandung geben k\u00f6nnen.<\/p>\n<p><strong>Besondere Vertragsbedingungen<\/strong><\/p>\n<p><em>1) Fliesen kleben<\/em><br \/>\nF\u00fcr eine einwandfreie Verlegung von Wand- und Bodenfliesen im Klebeverfahren ist als Untergrund ein gerader, lot- und fluchtrechter Untergrund oder eine gerader Estrich erforderlich. Unebenheiten im Untergrund k\u00f6nnen mit unserem Kleber nur bedingt ausgeglichen werden, sodass in solchen F\u00e4llen f\u00fcr eine einwandfreie Verlegung keine Gew\u00e4hr \u00fcbernommen wird. Die Verlegung von Fliesen auf kritischen Untergr\u00fcnden (z.B. Rigips, Gipsbauplatten, Spanplatten, Fertigbetonteilen) besonders im Nassbereich wird nach bestem fachlichem Wissen ausgef\u00fchrt. Eine Gew\u00e4hrleistung hierf\u00fcr lehnen wir aber ab.<br \/>\n<em>2) Verfugen<\/em><br \/>\na) Hydraulisch abbindende Fugenf\u00fcller, besonders farbige Mischungen werden nach dem Abbinden vielfach farbungleich und nuancierend. F\u00fcr absolut gleichfarbige Verfugung kann keine Gew\u00e4hr und Haftung \u00fcbernommen werden.<br \/>\nb) F\u00fcr die Dichtigkeit der Verfugung mit dauerelastischem Material (Silikon, Thiokol od. \u00e4hnlich) wird keine Gew\u00e4hrleistung \u00fcbernommen, da wir lediglich Bewegungsfugen herstellen.<br \/>\nc) Dehnungsfugen sind in der Regel wartungsbed\u00fcrftig und m\u00fcssen mind. 1x im Jahr \u00fcberpr\u00fcft werden.<br \/>\n<em>3) Reinigung, Fluatierung, Versiegelung<\/em><br \/>\nVerunreinigungen und Besch\u00e4digungen an den von uns gelieferten und verlegten Wand- oder Bodenbel\u00e4gen welche von anderen Handwerkern verursacht werden, gehen nicht zu unseren Lasten.<br \/>\nSind Fluatierungs- oder Versiegelungsarbeiten ausgeschrieben, so enth\u00e4lt unser Angebotspreis lediglich das Reinigen von leichter Verschmutzung nach bauseits erfolgter Grundreinigung, es sei denn, es wird in der Ausschreibung ausdr\u00fccklich eine Grobreinigung verlangt.<br \/>\n<em>4) Schutzgel\u00e4nder und Absperrungen<\/em><br \/>\nDie f\u00fcr Arbeiten in Treppenh\u00e4usern und auf Balkonen erforderlichen Schutzgel\u00e4nder und Absperrungen geh\u00f6ren zur Rohbaukonstruktion. Sie sind bauseitig zu erstellen und zu unterhalten, ohne dass sie den Einbau der Bel\u00e4ge behindern.<br \/>\n<em>5) Unterbrechung der Arbeiten &#8211; Termine<\/em><br \/>\nUnsere Angebotspreise setzen voraus, dass das Aufma\u00df und die Verlegearbeiten zusammenh\u00e4ngend durchgef\u00fchrt werden k\u00f6nnen. Dies trifft insbesondere f\u00fcr Hauseing\u00e4nge und Au\u00dfenanlagen zu. Wir gehen davon aus, dass unsere Verleger nicht durch andere Handwerker behindert werden, insbesondere dass Bodenbel\u00e4ge und Treppenstufen w\u00e4hrend der Verlegung bis zum Zeitpunkt einer ausreichenden Abbindung des Verlegem\u00f6rtels nicht von anderen Handwerkern begangen werden. Durch zu fr\u00fches Begehen entstehende Sch\u00e4den k\u00f6nnen uns nicht angelastet werden.<br \/>\nDie Einhaltung evtl. geforderter Termine setzt voraus, dass das Aufma\u00df termingerecht genommen werden kann, und die dem Architekten oder Bauherrn vorgelegten Arbeitspl\u00e4ne uns umgehend mit den entsprechenden Genehmigungsvermerken zur\u00fcckgesandt werden. Das gleiche gilt sinngem\u00e4\u00df f\u00fcr die Musterwahl. Wenn die Arbeiten aus Gr\u00fcnden, die wir nicht zu vertreten haben, unterbrochen werden m\u00fcssen, sind wir berechtigt, f\u00fcr die dadurch entstehenden zus\u00e4tzlichen Kosten eine entsprechende Verg\u00fctung zum Verlangen.<br \/>\n<em>6) VOB<\/em><br \/>\nDie VOB gilt als ausdr\u00fccklich vereinbart und kann w\u00e4hrend der Gesch\u00e4ftszeit in unseren Gesch\u00e4ftsr\u00e4umen eingesehen werden.<\/p>\n<p><strong>Naturstein<\/strong><\/p>\n<p>Die Lieferzeiten werden unter Ber\u00fccksichtigung einer normalen Herstellungsm\u00f6glichkeit angegeben.<br \/>\n\u00dcberschreitungen derselben berechtigen den Empf\u00e4nger nicht zu irgendwelchen Schadenersatzanspr\u00fcchen.<br \/>\nReklamationen werden nur unmittelbar nach Erhalt der Ware angenommen, sp\u00e4testens innerhalb von 3 Tagen.<br \/>\nVerlegte, bzw. montierte Platten k\u00f6nne nicht mehr reklamiert werden.<br \/>\nDer Versand erfolgt auf Gefahr des K\u00e4ufers, auch bei Frankolieferung. Verladen gilt als \u00fcbernommen.<br \/>\nMaterialbeschaffenheit bei Naturstein: Schwankungen in der Struktur und Farbe Verschiedenartigkeit der K\u00f6rnung, Flecken, Adern, Schattierungen und Striche gelten als nat\u00fcrliche Einschl\u00e4ge und berechtigen nicht zu Reklamationen.<br \/>\nBesonders bunte Marmorsorten enthalten h\u00e4ufig Lager und Poren, die von Natur aus im Material enthalten sind und keinen Grund zur Beanstandung geben k\u00f6nnen.<\/p>\n<p><em>Stand April 2011<\/em><\/p>\n<\/div><div class=\"fusion-clearfix\"><\/div>\n\n\t\t\t\t\t<\/div>\n\t\t\t\t<\/div><div  class=\"fusion-layout-column fusion_builder_column fusion_builder_column_1_6 fusion-builder-column-4 fusion-one-sixth fusion-column-last 1_6\"  style='margin-top:0px;margin-bottom:20px;width:13.3333%'>\n\t\t\t\t\t<div class=\"fusion-column-wrapper\" style=\"background-position:left top;background-repeat:no-repeat;-webkit-background-size:cover;-moz-background-size:cover;-o-background-size:cover;background-size:cover;\"   data-bg-url=\"\">\n\t\t\t\t\t\t<div class=\"fusion-clearfix\"><\/div>\n\n\t\t\t\t\t<\/div>\n\t\t\t\t<\/div><\/div><\/div>\n","protected":false},"excerpt":{"rendered":"","protected":false},"author":1,"featured_media":0,"parent":0,"menu_order":0,"comment_status":"closed","ping_status":"closed","template":"","meta":{"footnotes":""},"class_list":["post-13650","page","type-page","status-publish","hentry"],"_links":{"self":[{"href":"https:\/\/fliesencenter-remscheid.de\/index.php?rest_route=\/wp\/v2\/pages\/13650","targetHints":{"allow":["GET"]}}],"collection":[{"href":"https:\/\/fliesencenter-remscheid.de\/index.php?rest_route=\/wp\/v2\/pages"}],"about":[{"href":"https:\/\/fliesencenter-remscheid.de\/index.php?rest_route=\/wp\/v2\/types\/page"}],"author":[{"embeddable":true,"href":"https:\/\/fliesencenter-remscheid.de\/index.php?rest_route=\/wp\/v2\/users\/1"}],"replies":[{"embeddable":true,"href":"https:\/\/fliesencenter-remscheid.de\/index.php?rest_route=%2Fwp%2Fv2%2Fcomments&post=13650"}],"version-history":[{"count":5,"href":"https:\/\/fliesencenter-remscheid.de\/index.php?rest_route=\/wp\/v2\/pages\/13650\/revisions"}],"predecessor-version":[{"id":13764,"href":"https:\/\/fliesencenter-remscheid.de\/index.php?rest_route=\/wp\/v2\/pages\/13650\/revisions\/13764"}],"wp:attachment":[{"href":"https:\/\/fliesencenter-remscheid.de\/index.php?rest_route=%2Fwp%2Fv2%2Fmedia&parent=13650"}],"curies":[{"name":"wp","href":"https:\/\/api.w.org\/{rel}","templated":true}]}}